(l) = 5*l**2 + 0*l**2 - 2*l**2 - 6*l - 2*l**2 - 3. Give i(5).
-8
Let v(h) = -3*h**2 + h. Let n = -5 + -2. Let f = n + 11. Suppose -f*b + 2*s + 12 = 0, -3*s + s = 8. Give v(b).
-2
Let c(a) = 0 + 5 + 6 - a**2 - 5. Let z be c(0). Let v(n) = n**2 - 8*n + 8. What is v(z)?
-4
Let o(i) be the second derivative of i**4/12 - 2*i**3/3 - 3*i**2 + 7*i. Suppose -3*s + 25 - 7 = 0. Determine o(s).
6
Let b(g) be the third derivative of g**6/120 + g**5/15 + g**4/12 + g**3/3 - 13*g**2. Determine b(-3).
5
Let s(h) = 6 - 2*h**2 - 7*h**3 - 4 + 6*h**3 + 2*h. What is s(-2)?
-2
Let a = 0 + 4. Let o = a - 5. Let f(z) = -3*z**2 + 3*z - 3. Let p(v) = -4*v**2 + 2*v - 2. Let k(j) = -2*f(j) + 3*p(j). Give k(o).
-6
Let k(j) be the second derivative of j**4/12 - j**3/6 - j**2/2 + j. Let o(r) = r - 2. Let q be o(0). Give k(q).
5
Let z = 2 - 2. Suppose 3*l + x = -0*x + 13, z = 3*l + 5*x - 5. Let o(p) = -3*p - p**2 - 1 + 4*p**2 + l*p. Determine o(1).
4
Let c(p) be the second derivative of p**2 + 1/6*p**3 - 1/8*p**4 - 3*p + 1/60*p**5 + 0. Let d(z) be the first derivative of c(z). Calculate d(2).
-1
Let w(x) be the first derivative of x**3/3 - 4*x**2 + 10*x - 14. What is w(7)?
3
Let z(y) = 3*y - 1 - 4*y - 3*y - y. Calculate z(-1).
4
Let y(b) be the first derivative of -9*b**2 - 36. Calculate y(-1).
18
Suppose b + 4 = -3*b. Let j be (7/14)/(b/(-12)). Let t = j + -1. Let n(h) = -h + 2. What is n(t)?
-3
Let h(f) = -4*f**2 - f + 3*f + 5*f**2 + f. Determine h(-4).
4
Let i(z) = 10*z - 5*z - 3*z - 3 + 5*z. Give i(2).
11
Let j(h) = h**3 + 4*h**2 - 2*h - 1. Let q = -22 + 18. Determine j(q).
7
Let c(j) = -87*j + 4 - 10 + 91*j. Determine c(5).
14
Let g be 10*-1 - (-1)/1. Let b(k) = -k**2 - 9*k - 2. Let a be b(g). Let j(y) = y + 1. Calculate j(a).
-1
Let j(x) = x**3 + 6*x**2 + 5. Suppose -u + 4*u + 36 = -5*v, 0 = 5*u + 10. Determine j(v).
5
Let r(m) = m - 3. Let v(q) = q**3 - 4*q**2 - 6*q + 3. Let l be v(5). Let k be l/(-1) + -1 + 4. Calculate r(k).
2
Let z(u) be the third derivative of -1/6*u**3 + 1/8*u**4 + 0 + 3*u**2 + 0*u. Let j(o) = -4*o + 2. Let w(a) = -5*j(a) - 7*z(a). What is w(5)?
-8
Let n(b) = -2 + 1 + 0 + 4 + 2*b. Calculate n(-4).
-5
Let t = -51 + 43. Let j(f) = f + 1. Determine j(t).
-7
Let x(w) be the second derivative of -w**5/20 + w**4/12 + w**3/6 - 3*w. Let d be (1 + 0)*-1 + 1. Suppose -5*s + 10 = d, -4*o + 14 = -2*o + 5*s. Determine x(o).
-2
Let b be (-6)/((-4)/((-24)/(-9))). Suppose -5*y - 2*x - 26 + 1 = 0, 20 = -b*x. Let i(q) = q. What is i(y)?
-3
Let c(q) = 23*q + 11. Let i(l) = 6*l + 3. Let r(x) = -6*c(x) + 22*i(x). Give r(-2).
12
Let t be 0/((-6)/(-3)) + 2. Let v(b) = -4*b**t - 5*b**2 + 3*b**2. Suppose 5*f - 2 = 3. Calculate v(f).
-6
Let w(m) = 3 + 3*m + 2*m**2 + 0 - m**2. Suppose 0 = -t + 8 - 1. Suppose 2*x = -h - t, 2*h + 2*h = x + 8. Calculate w(x).
7
Let i(h) be the third derivative of h**5/60 - h**4/8 - 7*h**3/6 - 2*h**2. Determine i(5).
3
Let f(y) = 5*y + 2. Let q(z) = 11*z + 8. Let n(u) = -11*u - 9. Let o(h) = 3*n(h) + 4*q(h). Let i(a) = -7*f(a) + 3*o(a). Determine i(1).
-1
Let r = 13 + -10. Let g(v) = v**3 + 7*v**2 - 3*v**2 - 1 - 4*v**r + 2*v**3. Determine g(4).
-1
Suppose 37 = 5*x + 12. Let j(i) be the first derivative of i**2/2 - 11*i - 33. What is j(x)?
-6
Let b(a) = -2623 + 2623 + 3*a + 11*a. Calculate b(1).
14
Let p be 17/(544/(-30))*(-8)/18. Let b(v) be the second derivative of 3*v + 5/6*v**3 - p*v**4 + 0 + 1/20*v**5 - 3/2*v**2. What is b(4)?
1
Let w = 21 - 27. Let a(y) = -y**2 + 6*y + 2. Let q(j) = 4*j**2 - 18*j - 7. Let p(c) = -7*a(c) - 2*q(c). Calculate p(w).
0
Let l = 6 - 11. Let r(o) = -o**2 - 6*o - 5. What is r(l)?
0
Let k(x) be the third derivative of 0*x + 0 + 1/24*x**4 - 1/15*x**6 + 1/6*x**3 + 0*x**5 + 7*x**2. Let y(c) = -c**2. Let q be y(1). Determine k(q).
8
Let p(c) = 3*c**3 - 4*c**2 + 4 + 2*c**3 + 2*c - 2 - 3*c**3. What is p(2)?
6
Let n(g) = -g**3 - g**2 + 3*g + 1. Suppose 3*b - 2*b = 0. Suppose 0 = 5*q - b*q + 10. Calculate n(q).
-1
Let f(u) = -3*u**3 + u**2 - u - 1. Let h(b) = -b**2 + 1. Let n(m) = -f(m) - 2*h(m). Suppose 3 = -2*c + c. Let i = 4 + c. Calculate n(i).
4
Let l(h) be the second derivative of h**3/3 + 3*h**2 - 7*h. Calculate l(-4).
-2
Suppose 5*z + 21 = -3*b, 5*z + 0 = -5*b - 35. Let x(i) = -i**2 - 8*i + 2. Determine x(b).
9
Let x(p) = -4*p + 19. Let o(f) = 8*f - 37. Let r(l) = -6*o(l) - 11*x(l). Let w(b) = -2*b + 7. Let c(a) = -3*r(a) + 5*w(a). Determine c(3).
2
Let h = -8 - -7. Let v be (-3)/((2 + -1)/h). Let q(r) = r**2 - r. Calculate q(v).
6
Let k be 28/10 + 36/(-45). Suppose g + 6 = k*y, 4*g + 21 = y + 4*y. Let i(o) = 8*o**3 + 2*o**2 - 2*o + 1. Calculate i(y).
9
Let r(o) be the third derivative of 1/120*o**6 + 0*o + 4*o**2 - 5/24*o**4 + 0 - 1/3*o**3 + 1/15*o**5. What is r(-5)?
-2
Let w(i) = 7*i + 2. Let z(l) = -21*l - 5. Let j(u) = 8*w(u) + 3*z(u). What is j(-1)?
8
Suppose -3*v = 2*u, 4*u - 1 = -v - 11. Suppose 0 = 5*j - 2*s + 10, -4*j = -v*j + 4*s - 20. Let b = -2 + j. Let d(r) = -r + 2. Calculate d(b).
4
Let v(h) = 4*h**2 + 5*h**3 + 3*h**3 - 7*h**3 - 4*h. What is v(-5)?
-5
Let x(y) be the first derivative of -y**4/24 + 5*y**3/6 - 3*y**2/2 + 2. Let u(c) be the second derivative of x(c). Determine u(-4).
9
Let i(b) = 2 - 13 + 1 + b. Suppose -5*y - 10 = -0, 4*d = 3*y + 6. Suppose k - 1 - 4 = d. Determine i(k).
-5
Let y(l) be the second derivative of -l**5/20 - l**4/12 + l**3/2 + 3*l**2/2 - 3*l. Calculate y(-2).
1
Let c(l) = l + 3. Let n(y) = -3*y - 4. Let j(s) = -3*c(s) - 2*n(s). Let u(i) = -i**2 + 4*i + 7. Let v be u(5). Suppose v*h = -0 + 2. What is j(h)?
2
Let d(o) be the second derivative of 1/2*o**2 + 1/12*o**4 + 2*o + 0 - 1/6*o**3. Give d(1).
1
Suppose 2*z + 42 = 5*z. Let j be 12/(-42) - 24/z. Let c(a) = -4*a**2 + 3*a + 3. Let n(b) = -5*b**2 + 3*b + 3. Let h(s) = 4*c(s) - 3*n(s). What is h(j)?
-7
Let t(l) = -l - 2. Suppose -3*o + 5*n = -0*o - 4, -o = -n. What is t(o)?
0
Let x(k) = -k**3 + 5*k**2 + 6*k + 1. Let o(y) = -2*y**2 - 17*y - 2. Let l be o(-8). Determine x(l).
1
Let g(x) = -1 + 2 - 2*x - 2 - 2. Give g(-6).
9
Let a(d) = d**3 + 2*d**2 + 2*d. Let s be 4/(2 + 2)*1. Suppose -12 = -0*z + 4*z. Let c = z + s. Determine a(c).
-4
Let u be (-98)/70*(-1 + -4). Let m be (-54)/8 - 3/12. Let l = u + m. Let d(f) = -f**2 + f + 4. What is d(l)?
4
Suppose 4*a = -0*a - 12. Let c = a - -5. Let i(y) = -y**2 + 4*y - 3. Calculate i(c).
1
Let w(r) = r**3 - 2*r + 1. Suppose -7*d - 15 = -12*d. Suppose d*p + 2 = 5. Give w(p).
0
Let f(u) = -4*u**2 + u + 5. Let i(h) = 2*h + 18*h**2 - 17*h**2 - 2*h. Let r(q) = f(q) + 5*i(q). Give r(0).
5
Let d(n) = -5*n**2 - 5*n - 3. Let u(g) = -6*g**2 - 6*g - 4. Let z(o) = -7*d(o) + 6*u(o). Let q(a) be the first derivative of z(a). Give q(2).
-5
Suppose -4*w = -18 + 10. Let m(x) = 1. Let o(a) = a - 2. Let u(h) = 3*m(h) + o(h). Calculate u(w).
3
Let o = 1 + 1. Let f = o - 3. Let y(h) be the second derivative of -h**5/4 - h**3/6 - 3*h. What is y(f)?
6
Let g be (-25)/(-3) + (-4)/(-6). Suppose 3*q + 15 = i, 0 = -4*i - 14*q + 10*q + 12. Suppose 0 = 3*h + i + g. Let x(j) = -3*j - 7. What is x(h)?
8
Let y(k) be the third derivative of k**5/30 + k**4/8 + k**3/6 + 5*k**2. Let n(w) be the first derivative of y(w). Determine n(-2).
-5
Let y be (-4)/(-2) - 6/1. Let b(i) = -i**2 + 8*i - 5. Let p be b(7). Let r(k) = -2*k - 3*k**2 + p*k + 2 - k**3 + 2*k. What is r(y)?
10
Let h(k) = k**3 + 9*k**2 - k - 10. Let n be h(-9). Let a(j) = 11*j + 1. Calculate a(n).
-10
Suppose -2*c + 22 - 8 = 0. Let b(s) = -3*s**3 + 9*s**2 + 8*s - 8. Let l(x) = 5*x**3 - 17*x**2 - 15*x + 15. Let z(h) = c*b(h) + 4*l(h). What is z(-4)?
4
Suppose 0 = 2*c + 1 + 7. Let t(y) = y**2 + 4*y + 1. Calculate t(c).
1
Let h = -11 + 17. Let z(k) be the first derivative of -k**2/2 - 4*k - 34. Determine z(h).
-10
Let q = 0 - 2. Let l = q - -7. Let w(a) = -a**3 + 5*a**2 - 2*a + 2. Determine w(l).
-8
Let o(i) = 2 - 2 + 1 + 2*i - 3*i. Give o(0).
1
Let o(d) be the first derivative of d**2/2 + 3*d + 24. Give o(7).
10
Suppose 3*g = -4*u - 5, 5*u + 6 = -2*g - 2*g. Let i be (-4 + 3)/((-3)/9). Let z = g - i. Let v(s) = -3*s - 3. Determine v(z).
3
Let b(i) = -i**2 + 7*i - 6. Let g be 1/((-4 - -2)/(-34)). Suppose 0 = -5*v + 8 + g. Give b(v).
4
Let t(s) be the first derivative of -1/3*s**3 + 3*s + 3/2*s**2 - 1. Let c be (40/(-16))/((-1)/2). Calculate t(c).
-7
Let m(i) = -